{"id":6450,"date":"2021-04-11T13:34:44","date_gmt":"2021-04-11T13:34:44","guid":{"rendered":"https:\/\/tarikyazar.com.tr\/?page_id=6450"},"modified":"2021-04-11T14:11:21","modified_gmt":"2021-04-11T14:11:21","slug":"saglik-kosesi","status":"publish","type":"page","link":"https:\/\/tarikyazar.com.tr\/index.php\/saglik-kosesi\/","title":{"rendered":"Sa\u011fl\u0131k K\u00f6\u015fesi"},"content":{"rendered":"<p>[vc_row][vc_column]<section  id=\"single-69d59de52b7da\" \n\t\t\t\t\t\tclass=\"header-single vertical-flex m0 image-bg parallax  p0 fullscreen \" \n\t\t\t\t\t\tstyle=\"\"><div class=\"background-content\"><img loading=\"lazy\" decoding=\"async\" width=\"1920\" height=\"1280\" src=\"https:\/\/tarikyazar.com.tr\/wp-content\/uploads\/2021\/04\/346692-1.jpg\" class=\"background-image\" alt=\"\" srcset=\"https:\/\/tarikyazar.com.tr\/wp-content\/uploads\/2021\/04\/346692-1.jpg 1920w, https:\/\/tarikyazar.com.tr\/wp-content\/uploads\/2021\/04\/346692-1-300x200.jpg 300w, https:\/\/tarikyazar.com.tr\/wp-content\/uploads\/2021\/04\/346692-1-1024x683.jpg 1024w, https:\/\/tarikyazar.com.tr\/wp-content\/uploads\/2021\/04\/346692-1-768x512.jpg 768w, https:\/\/tarikyazar.com.tr\/wp-content\/uploads\/2021\/04\/346692-1-1536x1024.jpg 1536w, https:\/\/tarikyazar.com.tr\/wp-content\/uploads\/2021\/04\/346692-1-600x400.jpg 600w\" sizes=\"auto, (max-width: 1920px) 100vw, 1920px\" \/><div  class=\"background-overlay\"><\/div><\/div><div  class=\"container vertical-flex-column item-content \">\n\t\t\t            \t<div class=\"row\"><div class=\"standard-slide p0 col-lg-12 col-lg-offset-0 col-md-10 col-md-offset-1 col-sm-12 text-right\"><h1  class=\"heading-title-bold\"><strong><cite>Sigaran\u0131n<\/cite><\/strong> omurgaya etkisi<\/h1><hr><div  class=\"heading-content\"><\/div>\n                <\/div><\/div>\n\t\t\t            <\/div><\/section><script type=\"text\/javascript\">jQuery(document).ready(function(){jQuery('head').append('<style type=\"text\/css\" id=\"tlg-custom-css-single-69d59de52b7da\">#single-69d59de52b7da .background-content{transition:none;-webkit-transition:none;-moz-transition:none; background-repeat: no-repeat!important;background-size: auto!important;background-position: center center!important; }<\/style>');});<\/script><div class=\"headings-title \"><div class=\"mb72  mb-xs-40 text-center\"><div class=\"divider-wrap\"><i  class=\"ti-user\"><\/i><div  class=\"tlg-divider\"><\/div><\/div><\/div><\/div>[vc_column_text]Senelerce yap\u0131lan ara\u015ft\u0131rmalarda yeti\u015fkin insanlarda s\u0131rt a\u011fr\u0131s\u0131 ve t\u00fct\u00fcn \u00fcr\u00fcnleri aras\u0131nda bir ili\u015fki saptanm\u0131\u015ft\u0131r.<\/p>\n<p>Disk dejenerasyonunun s\u0131rt a\u011fr\u0131s\u0131na b\u00fcy\u00fck \u00f6l\u00e7\u00fcde neden oldu\u011fu d\u00fc\u015f\u00fcn\u00fclmektedir. Dejeneratif diskler tipik olarak k\u00fc\u00e7\u00fck dairesel g\u00f6zya\u015flar\u0131yla(annual tears) ba\u015flar. T\u0131pk\u0131 di\u011fer yaralanmalarda oldu\u011fu gibi, g\u00f6zya\u015flar\u0131 orijinal disk duvar\u0131 kadar g\u00fc\u00e7l\u00fc olmayan skar dokusu olu\u015fturarak iyile\u015fir. Zamanla, y\u0131rt\u0131lma ve yara izi b\u0131rakma s\u00fcreci disk duvar\u0131n\u0131 s\u00fcrekli olarak zay\u0131flat\u0131r. Buna ek olarak, insanlar ya\u015fland\u0131k\u00e7a hidratl\u0131 \u00e7ekirdek hasar g\u00f6r\u00fcr ve su i\u00e7eri\u011fini kaybeder. Bu s\u0131v\u0131, fonksiyonel bir amortis\u00f6r g\u00f6revi g\u00f6rmek i\u00e7in gerekli bas\u0131n\u00e7lar\u0131 korur. \u00c7ekirdek zarar g\u00f6rebilir ve vertebral kemiklerin yanl\u0131\u015f hizalanmas\u0131 ile birlikte daha yak\u0131n kaymas\u0131na neden olabilir. Zamanla, yanl\u0131\u015f hizalama ve artritik de\u011fi\u015fiklikler, hepsi de a\u011fr\u0131ya neden olan kemik mahmuzlar\u0131, f\u0131t\u0131kla\u015fm\u0131\u015f diskler, s\u0131k\u0131\u015fm\u0131\u015f sinirler ve spinal stenoz olu\u015fturabilir.<\/p>\n<p>Nikotin kullan\u0131m\u0131, halka(annulus) ve \u00e7ekirdekte(nucleus) h\u00fccre hasar\u0131na neden olarak intervertebral disk dejenerasyonundan do\u011frudan sorumlu olabilir. Nikotinin n\u00fckleus h\u00fccreleri \u00fczerinde do\u011frudan toksik etkisi olabilece\u011fini d\u00fc\u015f\u00fcn\u00fclmektedir. Bu, diskin uzun s\u00fcreli sa\u011fl\u0131\u011f\u0131n\u0131 ve i\u015flevselli\u011fini etkiler. T\u00fcm bu zararl\u0131 de\u011fi\u015fiklikler, sigara i\u00e7enlerin sadece sa\u011fl\u0131kl\u0131 disklere zarar vermedi\u011fi, ayn\u0131 zamanda zaten hasar g\u00f6rm\u00fc\u015f disklerde disk dejenerasyonunu b\u00fcy\u00fck \u00f6l\u00e7\u00fcde h\u0131zland\u0131rd\u0131\u011f\u0131 anlam\u0131na gelir.Ayr\u0131ca sigara i\u00e7mek n\u00f6ro-endokrin sistem yoluyla a\u011fr\u0131 alg\u0131s\u0131n\u0131 de\u011fi\u015ftirerek a\u011fr\u0131ya duyarl\u0131l\u0131\u011f\u0131 art\u0131rabilir.<\/p>\n<p>Sigara i\u00e7enlerin belirtileriyle ayn\u0131 s\u00fcre boyunca sigara i\u00e7meyenlerin omurga semptomlar\u0131 aras\u0131nda b\u00fcy\u00fck bir fark vard\u0131r. Sigara i\u00e7enlerde daha \u015fiddetli ve her g\u00fcn artan bir a\u011fr\u0131 s\u00f6z konusudur. Bel a\u011fr\u0131s\u0131 geli\u015ftirme riskinin sigara i\u00e7ilen miktarla artmas\u0131yla ili\u015fkisi olabilir.[\/vc_column_text][\/vc_column][\/vc_row]<\/p>\n","protected":false},"excerpt":{"rendered":"<p>[vc_row][vc_column][vc_column_text]Senelerce yap\u0131lan ara\u015ft\u0131rmalarda yeti\u015fkin insanlarda s\u0131rt a\u011fr\u0131s\u0131 ve t\u00fct\u00fcn \u00fcr\u00fcnleri aras\u0131nda bir ili\u015fki saptanm\u0131\u015ft\u0131r. Disk dejenerasyonunun&#8230;<\/p>\n","protected":false},"author":1,"featured_media":0,"parent":0,"menu_order":0,"comment_status":"closed","ping_status":"closed","template":"","meta":{"footnotes":""},"class_list":["post-6450","page","type-page","status-publish","hentry"],"_links":{"self":[{"href":"https:\/\/tarikyazar.com.tr\/index.php\/wp-json\/wp\/v2\/pages\/6450","targetHints":{"allow":["GET"]}}],"collection":[{"href":"https:\/\/tarikyazar.com.tr\/index.php\/wp-json\/wp\/v2\/pages"}],"about":[{"href":"https:\/\/tarikyazar.com.tr\/index.php\/wp-json\/wp\/v2\/types\/page"}],"author":[{"embeddable":true,"href":"https:\/\/tarikyazar.com.tr\/index.php\/wp-json\/wp\/v2\/users\/1"}],"replies":[{"embeddable":true,"href":"https:\/\/tarikyazar.com.tr\/index.php\/wp-json\/wp\/v2\/comments?post=6450"}],"version-history":[{"count":17,"href":"https:\/\/tarikyazar.com.tr\/index.php\/wp-json\/wp\/v2\/pages\/6450\/revisions"}],"predecessor-version":[{"id":6472,"href":"https:\/\/tarikyazar.com.tr\/index.php\/wp-json\/wp\/v2\/pages\/6450\/revisions\/6472"}],"wp:attachment":[{"href":"https:\/\/tarikyazar.com.tr\/index.php\/wp-json\/wp\/v2\/media?parent=6450"}],"curies":[{"name":"wp","href":"https:\/\/api.w.org\/{rel}","templated":true}]}}